{"id":2,"date":"2011-11-15T08:39:46","date_gmt":"2011-11-15T07:39:46","guid":{"rendered":"http:\/\/www.proinca.es\/madridfansblog\/?page_id=2"},"modified":"2023-09-29T09:55:55","modified_gmt":"2023-09-29T07:55:55","slug":"nosotros","status":"publish","type":"page","link":"https:\/\/www.proinca.es\/madridfansblog\/nosotros\/","title":{"rendered":"Nosotros"},"content":{"rendered":"<h1><\/h1>\n<p><strong><img decoding=\"async\" class=\"aligncenter wp-image-3630 size-full\" title=\"madridfansblog-islainterior-515x362\" src=\"http:\/\/www.proinca.es\/madridfansblog\/wp-content\/uploads\/2011\/11\/about-us.jpg\" alt=\"\" width=\"691\" height=\"495\" srcset=\"https:\/\/www.proinca.es\/madridfansblog\/wp-content\/uploads\/2011\/11\/about-us-110x80.jpg 110w, https:\/\/www.proinca.es\/madridfansblog\/wp-content\/uploads\/2011\/11\/about-us-300x215.jpg 300w, https:\/\/www.proinca.es\/madridfansblog\/wp-content\/uploads\/2011\/11\/about-us.jpg 691w\" sizes=\"(max-width: 691px) 100vw, 691px\" \/><br \/>\n<\/strong><\/p>\n<p><strong>MadridFansBlog. Bienvenid@ a tu hogar en Madrid<\/strong><\/p>\n<p>Porque as\u00ed es como queremos que te sientas, como en tu casa o\u2026 mejor.<br \/>\nEl objetivo de\u00a0<a href=\"https:\/\/www.proinca.es\/\"><strong><u>Proinca Madrid<\/u><\/strong><\/a> es poner a tu servicio los m\u00e1s de 30 a\u00f1os que llevamos alquilando nuestros apartamentos en Madrid para alojar a personas de toda Espa\u00f1a y de todos los rincones del mundo. Por ello queremos ir a\u00fan m\u00e1s all\u00e1, para que tu estancia en Madrid sea realmente inolvidable. Esto es precisamente lo que nos ha movido a crear <strong>MadridFansBlog,<\/strong> un espacio abierto a todos, inquilinos o no, antiguos inquilinos, seguidores y todo tipo de amig@s que quieran vivir Madrid intensamente.<\/p>\n<p><strong>MadridFansBlog<\/strong>\u00a0es un espacio abierto en el que encontrar\u00e1s\u00a0<strong>propuestas de ocio en Madrid<\/strong>\u00a0para todos los gustos y momentos, en el que, adem\u00e1s, podr\u00e1s participar poniendo el l\u00edmite donde t\u00fa quieras porque al final la vida es lo que vivimos y compartimos con los dem\u00e1s y eso es lo que pretendemos de tu estancia en Madrid: que te lleves fant\u00e1sticas experiencias.<\/p>\n<p>En las secciones de\u00a0<strong>MadridFansBlog\u00a0<\/strong>encontrar\u00e1s propuestas de lo m\u00e1s variado de manos de diferentes colaboradores y amigos que nos descubrir\u00e1n rincones estupendos <u>d\u00f3nde comer<\/u> o\u00a0nos tendr\u00e1n a la \u00faltima sobre <a href=\"https:\/\/www.proinca.es\/madridfansblog\/category\/que-hacer\/\"><u>qu\u00e9 hacer<\/u><\/a>, <a href=\"https:\/\/www.proinca.es\/madridfansblog\/category\/sitios-para-quedar\/\"><u>sitios para quedar<\/u><\/a>, <a href=\"https:\/\/www.proinca.es\/madridfansblog\/category\/curiosidades\/\"><u>curiosidades <\/u><\/a>y\u00a0<a href=\"https:\/\/www.proinca.es\/madridfansblog\/category\/de-shopping\/\"><strong><u>tiendas para ir de shopping en Madrid<\/u><\/strong><\/a><strong>.<\/strong><\/p>\n<p>\u00bfY por qu\u00e9 no? \u00a0Si tienes alg\u00fan tema interesante para compartir haznos llegar tu propuesta y estr\u00e9nate como bloguero en MadridFansBlog, nos encantar\u00e1.<\/p>\n<p><strong>MadridFansBlog<\/strong>\u00a0es tu espacio y para que as\u00ed sea son indispensables tus opiniones, tu colaboraci\u00f3n, tus iniciativas y tu participaci\u00f3n en todo lo que te motive.<\/p>\n<p><strong>MadridFansBlog, <\/strong><strong>todo lo que necesitas saber de Madrid <\/strong>y nadie te ha contado.\u00a0Esperamos tus comentarios en\u00a0comunicacion@proinca.es<\/p>\n","protected":false},"excerpt":{"rendered":"<p>MadridFansBlog. Bienvenid@ a tu hogar en Madrid Porque as\u00ed es  [&#8230;]<\/p>\n","protected":false},"author":1,"featured_media":0,"parent":0,"menu_order":0,"comment_status":"closed","ping_status":"closed","template":"","meta":{"footnotes":""},"class_list":["post-2","page","type-page","status-publish","hentry"],"yoast_head":"<!-- This site is optimized with the Yoast SEO plugin v27.4 - https:\/\/yoast.com\/product\/yoast-seo-wordpress\/ -->\n<title>MadridFansBlog.<\/title>\n<meta name=\"description\" content=\"MadridFansBlog, todo lo que necesitas saber de Madrid y nadie te ha contado para vivir la ciudad intensamente. Un espacio donde compartir y disfrutar.\" \/>\n<meta name=\"robots\" content=\"index, follow, max-snippet:-1, max-image-preview:large, max-video-preview:-1\" \/>\n<link rel=\"canonical\" href=\"https:\/\/www.proinca.es\/madridfansblog\/nosotros\/\" \/>\n<meta property=\"og:locale\" content=\"es_ES\" \/>\n<meta property=\"og:type\" content=\"article\" \/>\n<meta property=\"og:title\" content=\"MadridFansBlog.\" \/>\n<meta property=\"og:description\" content=\"MadridFansBlog, todo lo que necesitas saber de Madrid y nadie te ha contado para vivir la ciudad intensamente. Un espacio donde compartir y disfrutar.\" \/>\n<meta property=\"og:url\" content=\"https:\/\/www.proinca.es\/madridfansblog\/nosotros\/\" \/>\n<meta property=\"og:site_name\" content=\"Blog Proinca Madrid\" \/>\n<meta property=\"article:modified_time\" content=\"2023-09-29T07:55:55+00:00\" \/>\n<meta property=\"og:image\" content=\"https:\/\/www.proinca.es\/madridfansblog\/wp-content\/uploads\/2011\/11\/about-us.jpg\" \/>\n\t<meta property=\"og:image:width\" content=\"691\" \/>\n\t<meta property=\"og:image:height\" content=\"495\" \/>\n\t<meta property=\"og:image:type\" content=\"image\/jpeg\" \/>\n<script type=\"application\/ld+json\" class=\"yoast-schema-graph\">{\"@context\":\"https:\\\/\\\/schema.org\",\"@graph\":[{\"@type\":\"WebPage\",\"@id\":\"https:\\\/\\\/www.proinca.es\\\/madridfansblog\\\/nosotros\\\/\",\"url\":\"https:\\\/\\\/www.proinca.es\\\/madridfansblog\\\/nosotros\\\/\",\"name\":\"MadridFansBlog.\",\"isPartOf\":{\"@id\":\"https:\\\/\\\/www.proinca.es\\\/madridfansblog\\\/#website\"},\"primaryImageOfPage\":{\"@id\":\"https:\\\/\\\/www.proinca.es\\\/madridfansblog\\\/nosotros\\\/#primaryimage\"},\"image\":{\"@id\":\"https:\\\/\\\/www.proinca.es\\\/madridfansblog\\\/nosotros\\\/#primaryimage\"},\"thumbnailUrl\":\"http:\\\/\\\/www.proinca.es\\\/madridfansblog\\\/wp-content\\\/uploads\\\/2011\\\/11\\\/about-us.jpg\",\"datePublished\":\"2011-11-15T07:39:46+00:00\",\"dateModified\":\"2023-09-29T07:55:55+00:00\",\"description\":\"MadridFansBlog, todo lo que necesitas saber de Madrid y nadie te ha contado para vivir la ciudad intensamente. Un espacio donde compartir y disfrutar.\",\"inLanguage\":\"es\",\"potentialAction\":[{\"@type\":\"ReadAction\",\"target\":[\"https:\\\/\\\/www.proinca.es\\\/madridfansblog\\\/nosotros\\\/\"]}]},{\"@type\":\"ImageObject\",\"inLanguage\":\"es\",\"@id\":\"https:\\\/\\\/www.proinca.es\\\/madridfansblog\\\/nosotros\\\/#primaryimage\",\"url\":\"https:\\\/\\\/www.proinca.es\\\/madridfansblog\\\/wp-content\\\/uploads\\\/2011\\\/11\\\/about-us.jpg\",\"contentUrl\":\"https:\\\/\\\/www.proinca.es\\\/madridfansblog\\\/wp-content\\\/uploads\\\/2011\\\/11\\\/about-us.jpg\",\"width\":691,\"height\":495},{\"@type\":\"WebSite\",\"@id\":\"https:\\\/\\\/www.proinca.es\\\/madridfansblog\\\/#website\",\"url\":\"https:\\\/\\\/www.proinca.es\\\/madridfansblog\\\/\",\"name\":\"Madrid Fans Blog Proinca\",\"description\":\"Pisos y apartamentos de alquiler en Madrid\",\"publisher\":{\"@id\":\"https:\\\/\\\/www.proinca.es\\\/madridfansblog\\\/#organization\"},\"potentialAction\":[{\"@type\":\"SearchAction\",\"target\":{\"@type\":\"EntryPoint\",\"urlTemplate\":\"https:\\\/\\\/www.proinca.es\\\/madridfansblog\\\/?s={search_term_string}\"},\"query-input\":{\"@type\":\"PropertyValueSpecification\",\"valueRequired\":true,\"valueName\":\"search_term_string\"}}],\"inLanguage\":\"es\"},{\"@type\":\"Organization\",\"@id\":\"https:\\\/\\\/www.proinca.es\\\/madridfansblog\\\/#organization\",\"name\":\"Proinca\",\"url\":\"https:\\\/\\\/www.proinca.es\\\/madridfansblog\\\/\",\"logo\":{\"@type\":\"ImageObject\",\"inLanguage\":\"es\",\"@id\":\"https:\\\/\\\/www.proinca.es\\\/madridfansblog\\\/#\\\/schema\\\/logo\\\/image\\\/\",\"url\":\"https:\\\/\\\/www.proinca.es\\\/madridfansblog\\\/wp-content\\\/uploads\\\/2022\\\/03\\\/logo-proinca.jpg\",\"contentUrl\":\"https:\\\/\\\/www.proinca.es\\\/madridfansblog\\\/wp-content\\\/uploads\\\/2022\\\/03\\\/logo-proinca.jpg\",\"width\":522,\"height\":250,\"caption\":\"Proinca\"},\"image\":{\"@id\":\"https:\\\/\\\/www.proinca.es\\\/madridfansblog\\\/#\\\/schema\\\/logo\\\/image\\\/\"}}]}<\/script>\n<!-- \/ Yoast SEO plugin. -->","yoast_head_json":{"title":"MadridFansBlog.","description":"MadridFansBlog, todo lo que necesitas saber de Madrid y nadie te ha contado para vivir la ciudad intensamente. Un espacio donde compartir y disfrutar.","robots":{"index":"index","follow":"follow","max-snippet":"max-snippet:-1","max-image-preview":"max-image-preview:large","max-video-preview":"max-video-preview:-1"},"canonical":"https:\/\/www.proinca.es\/madridfansblog\/nosotros\/","og_locale":"es_ES","og_type":"article","og_title":"MadridFansBlog.","og_description":"MadridFansBlog, todo lo que necesitas saber de Madrid y nadie te ha contado para vivir la ciudad intensamente. Un espacio donde compartir y disfrutar.","og_url":"https:\/\/www.proinca.es\/madridfansblog\/nosotros\/","og_site_name":"Blog Proinca Madrid","article_modified_time":"2023-09-29T07:55:55+00:00","og_image":[{"width":691,"height":495,"url":"https:\/\/www.proinca.es\/madridfansblog\/wp-content\/uploads\/2011\/11\/about-us.jpg","type":"image\/jpeg"}],"schema":{"@context":"https:\/\/schema.org","@graph":[{"@type":"WebPage","@id":"https:\/\/www.proinca.es\/madridfansblog\/nosotros\/","url":"https:\/\/www.proinca.es\/madridfansblog\/nosotros\/","name":"MadridFansBlog.","isPartOf":{"@id":"https:\/\/www.proinca.es\/madridfansblog\/#website"},"primaryImageOfPage":{"@id":"https:\/\/www.proinca.es\/madridfansblog\/nosotros\/#primaryimage"},"image":{"@id":"https:\/\/www.proinca.es\/madridfansblog\/nosotros\/#primaryimage"},"thumbnailUrl":"http:\/\/www.proinca.es\/madridfansblog\/wp-content\/uploads\/2011\/11\/about-us.jpg","datePublished":"2011-11-15T07:39:46+00:00","dateModified":"2023-09-29T07:55:55+00:00","description":"MadridFansBlog, todo lo que necesitas saber de Madrid y nadie te ha contado para vivir la ciudad intensamente. Un espacio donde compartir y disfrutar.","inLanguage":"es","potentialAction":[{"@type":"ReadAction","target":["https:\/\/www.proinca.es\/madridfansblog\/nosotros\/"]}]},{"@type":"ImageObject","inLanguage":"es","@id":"https:\/\/www.proinca.es\/madridfansblog\/nosotros\/#primaryimage","url":"https:\/\/www.proinca.es\/madridfansblog\/wp-content\/uploads\/2011\/11\/about-us.jpg","contentUrl":"https:\/\/www.proinca.es\/madridfansblog\/wp-content\/uploads\/2011\/11\/about-us.jpg","width":691,"height":495},{"@type":"WebSite","@id":"https:\/\/www.proinca.es\/madridfansblog\/#website","url":"https:\/\/www.proinca.es\/madridfansblog\/","name":"Madrid Fans Blog Proinca","description":"Pisos y apartamentos de alquiler en Madrid","publisher":{"@id":"https:\/\/www.proinca.es\/madridfansblog\/#organization"},"potentialAction":[{"@type":"SearchAction","target":{"@type":"EntryPoint","urlTemplate":"https:\/\/www.proinca.es\/madridfansblog\/?s={search_term_string}"},"query-input":{"@type":"PropertyValueSpecification","valueRequired":true,"valueName":"search_term_string"}}],"inLanguage":"es"},{"@type":"Organization","@id":"https:\/\/www.proinca.es\/madridfansblog\/#organization","name":"Proinca","url":"https:\/\/www.proinca.es\/madridfansblog\/","logo":{"@type":"ImageObject","inLanguage":"es","@id":"https:\/\/www.proinca.es\/madridfansblog\/#\/schema\/logo\/image\/","url":"https:\/\/www.proinca.es\/madridfansblog\/wp-content\/uploads\/2022\/03\/logo-proinca.jpg","contentUrl":"https:\/\/www.proinca.es\/madridfansblog\/wp-content\/uploads\/2022\/03\/logo-proinca.jpg","width":522,"height":250,"caption":"Proinca"},"image":{"@id":"https:\/\/www.proinca.es\/madridfansblog\/#\/schema\/logo\/image\/"}}]}},"_links":{"self":[{"href":"https:\/\/www.proinca.es\/madridfansblog\/wp-json\/wp\/v2\/pages\/2","targetHints":{"allow":["GET"]}}],"collection":[{"href":"https:\/\/www.proinca.es\/madridfansblog\/wp-json\/wp\/v2\/pages"}],"about":[{"href":"https:\/\/www.proinca.es\/madridfansblog\/wp-json\/wp\/v2\/types\/page"}],"author":[{"embeddable":true,"href":"https:\/\/www.proinca.es\/madridfansblog\/wp-json\/wp\/v2\/users\/1"}],"replies":[{"embeddable":true,"href":"https:\/\/www.proinca.es\/madridfansblog\/wp-json\/wp\/v2\/comments?post=2"}],"version-history":[{"count":29,"href":"https:\/\/www.proinca.es\/madridfansblog\/wp-json\/wp\/v2\/pages\/2\/revisions"}],"predecessor-version":[{"id":5946,"href":"https:\/\/www.proinca.es\/madridfansblog\/wp-json\/wp\/v2\/pages\/2\/revisions\/5946"}],"wp:attachment":[{"href":"https:\/\/www.proinca.es\/madridfansblog\/wp-json\/wp\/v2\/media?parent=2"}],"curies":[{"name":"wp","href":"https:\/\/api.w.org\/{rel}","templated":true}]}}